 = -2*l, 0 = -5*l - b + 644. Calculate the remainder when 484 is divided by l.
97
Let t(h) = -7*h**3 + 34*h**2 + 18*h + 35. Let v(n) = 3*n**3 - 17*n**2 - 9*n - 18. Let y(p) = 2*t(p) + 5*v(p). What is the remainder when y(18) is divided by 29?
26
Suppose 7057 = 11*b + 820. What is the remainder when b is divided by 6?
3
Let a = -11 - -14. Let g = a - -9. What is the remainder when g is divided by 114/6 + (-11 - -2)?
2
Suppose 14*q + 1619 + 2805 = 42*q. What is the remainder when 2855 is divided by q?
11
Suppose 5*b + 2*l - 936 = 0, 4*l = 4*b - l - 762. Let i = -166 + b. What is the remainder when i is divided by 15?
7
Suppose 2*q = -5*p + 571, 461 = 28*p - 24*p + q. Calculate the remainder when 2456 is divided by p.
116
Let g(v) be the second derivative of -7*v**3/3 + 19*v**2 + 33*v. What is the remainder when g(-8) is divided by 38?
36
Let q = 191 + -167. Suppose 21*v - q*v = -33. What is the remainder when v is divided by 1?
0
Calculate the remainder when 1207 is divided by (-1098)/(-20) - 42/(-420).
52
Suppose -276*l + 267*l + 229 = -986. Let m = -38 - -51. Calculate the remainder when l is divided by m.
5
What is the remainder when ((-1651)/(-39))/(-3 - 74/(-24)) is divided by 88?
68
Let m = -12679 - -13187. What is the remainder when m is divided by 270?
238
Suppose 26*m = -35*m + 24*m + 13320. What is the remainder when m is divided by 200?
160
Let i(q) = -q**3 + q - 3*q + 13 + 13 - 30 - 3*q**2. Let a be i(-3). Suppose 5*x - 42 = 3*z + 42, 0 = -z + a. Calculate the remainder when x is divided by 10.
8
Let u = -5751 + 6118. Calculate the remainder when u is divided by 11.
4
Suppose -7 = -2*n - 43. Let s(g) = -4*g - 63. Calculate the remainder when 16 is divided by s(n).
7
Calculate the remainder when (-285)/1520 - (-4739)/16 is divided by 148.
0
Calculate the remainder when 47 is divided by 2 + (-18 - (-243)/9).
3
Let v(s) = -9*s + 87. Let x be v(13). Let l = 103 + x. Calculate the remainder when l is divided by 20.
13
Suppose -9*r = 126*r - 8505. Calculate the remainder when 412 is divided by r.
34
Suppose 1131 = 30*z - 321 + 252. Calculate the remainder when 1*(155 + (-4 - -2)) is divided by z.
33
Let q(i) = 3*i**2 - 83. Calculate the remainder when q(16) is divided by 49.
48
Let j(x) = x**3 - 6*x**2 + 7*x - 6. Let z be j(5). Suppose 8 = -3*o + 23. Calculate the remainder when (z - (5 - 0))/((-1)/13) is divided by o.
3
Let n = 34 + -9. Suppose n*r - 6338 - 12962 = 0. Calculate the remainder when r is divided by 31.
28
Suppose 5*y + 5 = 25. Calculate the remainder when -4 + (0 - -4) + 56 + -1 + 7 is divided by y.
2
Let j = 16 - -11. Let p = -33 + j. Let c = p + 96. What is the remainder when c is divided by 13?
12
What is the remainder when (4/(80/(-60)))/(3/(-8564)) is divided by 36?
32
Suppose 4*n = 3*s + 1740, 4*n - 1712 = -10*s + 6*s. Suppose 426 = 4*i - 2*o, 3*i + i - n = -4*o. What is the remainder when i is divided by 37?
33
What is the remainder when 236 is divided by ((-371)/(-3))/((-343)/(-294))?
24
Calculate the remainder when 111804/105 - 19/5 is divided by 43.
29
Let v be 8/((-80)/(-10))*(1 + 1). What is the remainder when ((-3)/21 + (-2475)/(-77))*v is divided by 29?
6
Let y(r) be the second derivative of 5*r**4/3 + 7*r**3/6 + r**2 - 4*r + 1. Calculate the remainder when 172 is divided by y(1).
27
Let v = 38 - 16. Suppose 2*b = 4*b - 36. Let q = 156 + b. What is the remainder when q is divided by v?
20
Let d = -31 - -32. Calculate the remainder when 99 is divided by -1 - (3 + (4 - d) + -57).
49
Let y = -2501 - -2580. What is the remainder when 136 is divided by y?
57
Suppose 10*t - 315 = -175. Calculate the remainder when 23 is divided by t.
9
Let p = -79 - -82. Let x(z) = 7*z - 7. Calculate the remainder when 38 is divided by x(p).
10
Let w = -12 - -94. Suppose 9*c - w = -1. Calculate the remainder when c is divided by 7.
2
Let n(i) = -11*i - 214. Let b(h) = -h**2 - 12*h - 215. Let j(w) = -2*b(w) + 3*n(w). Calculate the remainder when j(-11) is divided by 34.
27
Let b(p) = p**3 - 29*p**2 + 230*p - 52. Calculate the remainder when b(14) is divided by 123.
105
Suppose 1 = 1141*l - 1142*l, -2*y - 5*l = -543. What is the remainder when y is divided by 54?
4
Let n = -41 + 19. Let s be 7*((-4)/n + (-70)/22). Let v(g) = -g**2 - 21*g + 45. Calculate the remainder when v(s) is divided by 17.
11
What is the remainder when 423 is divided by (402/(-7))/(((-152)/266)/4)?
21
Suppose 1017*v - 3*o + 1185 = 1020*v, -3*o - 15 = 0. Calculate the remainder when v is divided by 1 + -1 + 3 + 28.
28
Let p(a) = 39*a - 3. Let x be p(2). Suppose 72 = 3*z - x. Calculate the remainder when z is divided by 22.
5
Suppose 29*y = 32*y - 6. What is the remainder when 10 is divided by (y/5)/(392/(-40) - -10)?
0
Let j = 3035 - 2317. Calculate the remainder when j is divided by 60.
58
Let t(u) = u**3 + 5*u**2 - 92*u + 311. Calculate the remainder when 1385 is divided by t(4).
80
Suppose 21*p - 58 - 47 = 0. Suppose -2*o - 126 = -4*o + y, 85 = o + p*y. What is the remainder when o is divided by 19?
8
Suppose 23175 = 13*t + 23019. What is the remainder when 4145/40 - 21/(-56) is divided by t?
8
Suppose -2 = 2*t - 4*v, 3 = 2*t - v + 2. What is the remainder when 62 is divided by -5 - ((15 - 11) + (-28 - t))?
2
Let v = -95 + 93. Let y(a) = 4*a + 75. Calculate the remainder when y(v) is divided by 16.
3
Suppose -1386*f = -1405*f + 7657. What is the remainder when 819 is divided by f?
13
Let o(a) = -2*a**2 + 25*a - 7. Let j be o(13). Calculate the remainder when 176 is divided by ((-128)/j - 4)*25.
56
Calculate the remainder when 400 + 19/(114/(-72)) is divided by 21.
10
What is the remainder when (-3 - -4)*-5 - 5292/(-21) is divided by 21?
16
What is the remainder when 773 is divided by (-10)/6 + 199475/1515?
123
Let p(z) = 62*z**3 - 3*z**2 - 7*z + 11. Let q be p(1). Suppose -1659 = -q*d - 16*d. Let x = 259 - 157. What is the remainder when x is divided by d?
18
Let p = -14446 + 14646. Calculate the remainder when 414 is divided by p.
14
Suppose -119*p - 626 = -60*p - 61*p. Calculate the remainder when p is divided by (-4 - (4 - 87)) + 0.
76
Suppose -4*m - 780*f + 783*f = -60, 2*m - 2*f - 32 = 0. Let r(i) = -i**3 - 2 - 4*i - 3 - 2 + 7*i**2. What is the remainder when r(5) is divided by m?
11
Let w(a) = a**3 - 16*a**2 - 4*a - 67. Calculate the remainder when 757 is divided by w(17).
141
Let h(o) = 2*o**2 + 4*o - 3. Let r be h(-4). Let t = -11 + r. Suppose 52 - 4 = 4*u - t*z, -z - 14 = -u. What is the remainder when 37 is divided by u?
7
Suppose 218 = 7*a + 3*i, 3*a + 22 - 126 = 4*i. What is the remainder when 60 is divided by a?
28
Let y = -59 + 77. Calculate the remainder when 5*1810/50 + 13 is divided by y.
14
Suppose 51 + 7 = 2*o. Let u = -92 - -236. Let p = 157 - u. What is the remainder when o is divided by p?
3
Let l = -11 + 14. Suppose h - 4*h = l. Calculate the remainder when (-6)/(-2) + (44 - h) is divided by 17.
14
Suppose 0 = -278*s + 81*s - 121 + 3470. Calculate the remainder when 5550 is divided by s.
8
Suppose 3*d - 470 = -h, 37*d - 40*d - 1446 = -3*h. Calculate the remainder when h is divided by 103.
67
Suppose 3*v = -5*c + 70, -2*v + 49 = 5*c - 6. Suppose -4*b + 18 = 2. Calculate the remainder when v is divided by b.
3
Let c(n) = -10*n - 2. Let a(q) = -20*q - 3. Suppose -5*z + 9 = -6. Let p(t) = z*a(t) - 5*c(t). What is the remainder when p(-5) is divided by 13?
12
Suppose 10045 = 28*c + 7*c - 8260. Calculate the remainder when c is divided by 15.
13
Suppose 4*x - 69 = h, -5*x + 63 = -2*x - 3*h. Let g(t) = t**3 + 8*t**2 + 6*t + 4. Let n be g(-6). What is the remainder when n/25*35/2 is divided by x?
12
Let o = 86 - 76. Let k(h) = -h**3 + 8*h**2 + 19*h + 13. Let q be k(o). Suppose -q*t + 28 = -5. What is the remainder when 36 is divided by t?
3
Let w = 11963 - 7516. Calculate the remainder when w is divided by 16.
15
Let y(d) = 24*d + 3. Suppose -34*g + 5590 = 1646. Let i = g - 87. Calculate the remainder when y(3) is divided by i.
17
Suppose 5*m = 3*d - 4105, -41*d + 38*d - 4*m + 4168 = 0. Calculate the remainder when d is divided by 455.
15
Suppose 15*h + 2*h - 827 = -215. Calculate the remainder when (-3)/(-1 + 206/212) is divided by h.
34
Let l(z) = 495*z - 13*z**2 + z**3 - 2 + 433*z - 887*z - 3. Calculate the remainder when 52 is divided by 